{"version":"1.0","provider_name":"Fundaci\u00f3 Mies van der Rohe","provider_url":"https:\/\/miesbcn.com\/es\/","author_name":"Fund437v","author_url":"https:\/\/miesbcn.com\/es\/author\/miesbc\/","title":"[On set with] Lilly Reich - Fundaci\u00f3 Mies van der Rohe","type":"rich","width":600,"height":338,"html":"<blockquote class=\"wp-embedded-content\" data-secret=\"TWWQIhj9B3\"><a href=\"https:\/\/miesbcn.com\/es\/calendario\/on-set-with-lilly-reich\/\">[On set with] Lilly Reich<\/a><\/blockquote><iframe sandbox=\"allow-scripts\" security=\"restricted\" src=\"https:\/\/miesbcn.com\/es\/calendario\/on-set-with-lilly-reich\/embed\/#?secret=TWWQIhj9B3\" width=\"600\" height=\"338\" title=\"\u00ab[On set with] Lilly Reich\u00bb \u2014 Fundaci\u00f3 Mies van der Rohe\" data-secret=\"TWWQIhj9B3\" frameborder=\"0\" marginwidth=\"0\" marginheight=\"0\" scrolling=\"no\" class=\"wp-embedded-content\"><\/iframe><script type=\"text\/javascript\">\n\/* <![CDATA[ *\/\n\/*! This file is auto-generated *\/\n!function(d,l){\"use strict\";l.querySelector&&d.addEventListener&&\"undefined\"!=typeof URL&&(d.wp=d.wp||{},d.wp.receiveEmbedMessage||(d.wp.receiveEmbedMessage=function(e){var t=e.data;if((t||t.secret||t.message||t.value)&&!\/[^a-zA-Z0-9]\/.test(t.secret)){for(var s,r,n,a=l.querySelectorAll('iframe[data-secret=\"'+t.secret+'\"]'),o=l.querySelectorAll('blockquote[data-secret=\"'+t.secret+'\"]'),c=new RegExp(\"^https?:$\",\"i\"),i=0;i<o.length;i++)o[i].style.display=\"none\";for(i=0;i<a.length;i++)s=a[i],e.source===s.contentWindow&&(s.removeAttribute(\"style\"),\"height\"===t.message?(1e3<(r=parseInt(t.value,10))?r=1e3:~~r<200&&(r=200),s.height=r):\"link\"===t.message&&(r=new URL(s.getAttribute(\"src\")),n=new URL(t.value),c.test(n.protocol))&&n.host===r.host&&l.activeElement===s&&(d.top.location.href=t.value))}},d.addEventListener(\"message\",d.wp.receiveEmbedMessage,!1),l.addEventListener(\"DOMContentLoaded\",function(){for(var e,t,s=l.querySelectorAll(\"iframe.wp-embedded-content\"),r=0;r<s.length;r++)(t=(e=s[r]).getAttribute(\"data-secret\"))||(t=Math.random().toString(36).substring(2,12),e.src+=\"#?secret=\"+t,e.setAttribute(\"data-secret\",t)),e.contentWindow.postMessage({message:\"ready\",secret:t},\"*\")},!1)))}(window,document);\n\/\/# sourceURL=https:\/\/miesbcn.com\/wp-includes\/js\/wp-embed.min.js\n\/* ]]> *\/\n<\/script>\n","thumbnail_url":"https:\/\/miesbcn.com\/wp-content\/uploads\/2022\/06\/thumbnail_web_onsetwithlilly.png","thumbnail_width":600,"thumbnail_height":448,"description":"Despu\u00e9s de la proyecci\u00f3n del film que result\u00f3 de la segunda Beca Lilly Reich para la igualdad en la arquitectura seguir\u00e1 un debate con sus autoras. El film nos narra como una\u00a0joven profesora decide investigar la obra de la dise\u00f1adora y arquitecta Lilly Reich a trav\u00e9s de un viaje por los principales lugares donde Reich [&hellip;]"}

Fundació Mies van der Rohe

[On set with] Lilly Reich - Fundació Mies van der Rohe

<blockquote class="wp-embedded-content" data-secret="TWWQIhj9B3"><a href="https://miesbcn.com/es/calendario/on-set-with-lilly-reich/">[On set with] Lilly Reich</a></blockquote><iframe sandbox="allow-scripts" security="restricted" src="https://miesbcn.com/es/calendario/on-set-with-lilly-reich/embed/#?secret=TWWQIhj9B3" width="600" height="338" title="«[On set with] Lilly Reich» — Fundació Mies van der Rohe" data-secret="TWWQIhj9B3" frameborder="0" marginwidth="0" marginheight="0" scrolling="no" class="wp-embedded-content"></iframe><script type="text/javascript">
/* <![CDATA[ */
/*! This file is auto-generated */
!function(d,l){"use strict";l.querySelector&&d.addEventListener&&"undefined"!=typeof URL&&(d.wp=d.wp||{},d.wp.receiveEmbedMessage||(d.wp.receiveEmbedMessage=function(e){var t=e.data;if((t||t.secret||t.message||t.value)&&!/[^a-zA-Z0-9]/.test(t.secret)){for(var s,r,n,a=l.querySelectorAll('iframe[data-secret="'+t.secret+'"]'),o=l.querySelectorAll('blockquote[data-secret="'+t.secret+'"]'),c=new RegExp("^https?:$","i"),i=0;i<o.length;i++)o[i].style.display="none";for(i=0;i<a.length;i++)s=a[i],e.source===s.contentWindow&&(s.removeAttribute("style"),"height"===t.message?(1e3<(r=parseInt(t.value,10))?r=1e3:~~r<200&&(r=200),s.height=r):"link"===t.message&&(r=new URL(s.getAttribute("src")),n=new URL(t.value),c.test(n.protocol))&&n.host===r.host&&l.activeElement===s&&(d.top.location.href=t.value))}},d.addEventListener("message",d.wp.receiveEmbedMessage,!1),l.addEventListener("DOMContentLoaded",function(){for(var e,t,s=l.querySelectorAll("iframe.wp-embedded-content"),r=0;r<s.length;r++)(t=(e=s[r]).getAttribute("data-secret"))||(t=Math.random().toString(36).substring(2,12),e.src+="#?secret="+t,e.setAttribute("data-secret",t)),e.contentWindow.postMessage({message:"ready",secret:t},"*")},!1)))}(window,document);
//# sourceURL=https://miesbcn.com/wp-includes/js/wp-embed.min.js
/* ]]> */
</script>

Después de la proyección del film que resultó de la segunda Beca Lilly Reich para la igualdad en la arquitectura seguirá un debate con sus autoras. El film nos narra como una joven profesora decide investigar la obra de la diseñadora y arquitecta Lilly Reich a través de un viaje por los principales lugares donde Reich [&hellip;]
